 l be o(-8). Let y = l - 19. What are the prime factors of y?
2, 3
Let c = -38 - -63. Let x = -25 - -19. Let l = c - x. What are the prime factors of l?
31
List the prime factors of 636219/45 + 2/(-8 - 2).
2, 7069
Let u = -82 - -85. Suppose -2*k - 2224 = -5*j - u*k, 2*k = -j + 452. Suppose -186 = -3*f + j. List the prime factors of f.
2, 3, 5, 7
Let d = -31 + 36. Suppose -5*k = -2*i + 124, -4*i = -d*i + 3*k + 62. Let s = -12 + i. What are the prime factors of s?
2, 5
Let r(y) = y**3 + 9*y**2 + 16*y - 2. Let z be r(-7). Let s = z + 20. Let d = s - -6. List the prime factors of d.
2, 5
Suppose -4 = 13*o - 394. Let p = o - 18. Let i = p + 11. What are the prime factors of i?
23
Let g(z) = 6*z + 6. Let q = -37 + 41. Let v be g(q). Let r = v + -6. What are the prime factors of r?
2, 3
Let o(g) = 4*g**2 + 124*g - 3. List the prime factors of o(42).
3, 61, 67
Let z be (-26)/(-117) + (-25)/(-9). Suppose z*r - f = -380 + 1441, 1775 = 5*r - 5*f. What are the prime factors of r?
353
Let t be -2 + 3/1*(-40)/(-60). Suppose 0 = n - 5*m - 13 - 358, n - 3*m - 367 = t. List the prime factors of n.
19
Let z(l) = -49*l - 6. Let d be z(8). Let c = -200 - d. Let s = c - 44. What are the prime factors of s?
2, 7, 11
Let b = -42 - -45. Suppose 0 = 3*t - 4*c - 822, 9*t = 4*t - b*c + 1370. Let n = t - 91. What are the prime factors of n?
3, 61
Suppose -2*p = 2*p - 5*c - 9, 4*p + 4*c = 36. What are the prime factors of ((-412)/p)/(909/(-81) + 11)?
3, 103
Let q(n) = -8*n**3 - 24*n**2 - 15*n - 120. List the prime factors of q(-7).
1553
Let j = 300 - 325. Let m = j + 253. List the prime factors of m.
2, 3, 19
Let h be -4 - 12/(-8 + 6) - 2349. Let j = h - -4047. List the prime factors of j.
2, 5, 17
Let b be (1/(-3))/(573/72 + -8). Suppose -780 = -b*v + 3*v. What are the prime factors of v?
2, 3, 13
Suppose 5*a + 40 = -2*n + 21, n - a - 8 = 0. Suppose 5*w - 4*k - 3452 + 634 = 0, -n*w + k + 1688 = 0. List the prime factors of w.
2, 281
Let j be ((-390)/4)/(8/(-16)). Suppose -y - 2*y + j = -3*x, -2*y - 10 = 0. Let p = 230 - x. List the prime factors of p.
2, 3, 5
List the prime factors of -38406*(-6)/18 - -5.
3, 1423
Let r be ((-2)/3)/(5/(-30)). Let c(x) = -x**2 + 10*x + 78. Let w be c(15). Suppose 3*j = r*j + 5*s - 46, -w*s - 9 = 0. What are the prime factors of j?
61
Let y(r) = -120 + 102*r - 5*r + 5*r + 22*r. List the prime factors of y(6).
2, 3, 13
Suppose 6389 + 9695 = 4*f - 4*i, 0 = -5*f - 3*i + 20121. What are the prime factors of f?
3, 149
Suppose 4*f = -1480 + 6088. Let o be (f/(-3))/2 - -1. Let x = o - -308. List the prime factors of x.
3, 13
Let w = -4 - -4. Let v(g) = w*g + 75 - 81 - 4*g**2 + 7*g**3 + g. What are the prime factors of v(3)?
2, 3, 5
Suppose w + 97547 = 4*l, -20*l = -25*l - 3*w + 121921. List the prime factors of l.
2, 89, 137
Suppose -12*f + 22 = 70. Let m be (f/(-4) + -278)/1. List the prime factors of (m/4 - -2)/((-11)/44).
269
Let k(f) = f**3 + 2*f**2 - 2*f - 1. Let s be k(3). Suppose -s*l + 36*l + 196 = 0. List the prime factors of l.
2, 7
Suppose -31 = 5*f + 39. Let a be (-684)/(-42) + -6 + 4/f. Suppose -2*b - a*i + 60 = -13*i, -4*b + 2*i + 120 = 0. List the prime factors of b.
2, 3, 5
Suppose i + i + y = 11, -4*i = -2*y - 18. Let q = 17 - i. Let o(j) = j**3 - 13*j**2 + 17*j - 11. What are the prime factors of o(q)?
7
Suppose 19*k = 46 + 11. Suppose -5*b = h - 827, 0 = k*h + b - 1654 - 869. What are the prime factors of h?
2, 421
Let y(g) = g**3 - 4*g**2 + 10. Let c be y(3). List the prime factors of 26247/78*(c + -1 + 2).
673
Suppose 2*h + 197 - 3557 = 0. Suppose 0 = 4*n - 3*f - h, -156 = -2*n - 3*f + 666. What are the prime factors of n?
3, 139
Let o(z) = -254*z**3 - z**2 - 2*z. Let l(r) = -1269*r**3 - 6*r**2 - 10*r + 1. Let y(m) = -2*l(m) + 11*o(m). List the prime factors of y(-1).
257
Let j be 3*(-1)/((-3)/2). Suppose -4*o + 95 = -3*a, a - j*o + 18 = -17. Let u = a - -55. What are the prime factors of u?
2, 3, 5
What are the prime factors of 4971 - 75/(-60)*12?
2, 3, 277
Let k = -20243 - -36010. What are the prime factors of k?
15767
Let p = -17895 + 23324. What are the prime factors of p?
61, 89
Suppose 28*c = -17*c + 14*c + 1227383. What are the prime factors of c?
17, 137
Suppose 16*a + 38348 - 51767 = 95333. List the prime factors of a.
7, 971
Suppose 0 = -o, 0 = 4*a + 32*o - 34*o - 2900. Suppose a + 375 = 11*i. What are the prime factors of i?
2, 5
Let s = 6685 + 605. What are the prime factors of s?
2, 3, 5
Suppose -5*x - 4*j = -0*j - 4, -2*x + 4*j + 24 = 0. Suppose -617 = -x*q + 95. What are the prime factors of q?
2, 89
Let g = -32 + 62. Suppose 4*y + y + 150 = 2*b, -2*b = -y - g. List the prime factors of 2*-1 - 5/(y/384).
2, 31
Let f = -13 + 38. Suppose -28*c - 18 = -f*c. List the prime factors of (-1)/((24/412)/c).
103
Let t = -2380 + 36999. List the prime factors of t.
13, 2663
Let x = 106 - -23. Suppose 0 = -3*a + 729 - x. Suppose -200 - a = -5*w. List the prime factors of w.
2, 5
Let a = 185980 + -128019. What are the prime factors of a?
149, 389
Let p(k) = 206*k**2 - 256*k + 3352. List the prime factors of p(12).
2, 19, 197
Let d = -117 + 1345. List the prime factors of d.
2, 307
Suppose 30*y + 178 = 32*y. Suppose -h = -1216 + y. What are the prime factors of h?
7, 23
Suppose -17724 = -8*p + 55292. Suppose -27*t = -p - 12878. What are the prime factors of t?
5, 163
Suppose -4*d = -4*i - 196, -5*i - 6 - 14 = 0. Suppose 46*m = d*m + 2. Suppose 5*b - 298 = 5*t + 162, 0 = m*b + 4*t - 184. List the prime factors of b.
2, 23
Let u = 19263 - 3908. What are the prime factors of u?
5, 37, 83
Suppose 2856 = 59*l - 8*l - 10251. List the prime factors of l.
257
Suppose 4*x + 24 = 6*x. Suppose -h + x = h. What are the prime factors of 13 + (h/2)/(-1)?
2, 5
Let m(y) be the second derivative of -7*y**6/240 - 3*y**5/40 - y**4/2 - y. Let g(z) be the third derivative of m(z). What are the prime factors of g(-4)?
3, 5
What are the prime factors of 16245 - ((-72)/(-9) - 10 - -4)?
37, 439
Let a = 423 - 189. Let i = 304 - a. List the prime factors of i.
2, 5, 7
What are the prime factors of 16029/468*80/2?
2, 5, 137
Let j = -68844 - -116938. What are the prime factors of j?
2, 139, 173
Let p = 378 + 3297. List the prime factors of p.
3, 5, 7
Suppose 110*y - 3888 = 98*y. Suppose -y*p + 11039 = -317*p. List the prime factors of p.
19, 83
Let b be ((-3)/4)/((-6)/16). Let d(y) = 11 + 3*y**2 + 18*y + 10 + 11*y**2 + 6*y**b + y**3. What are the prime factors of d(-19)?
2, 5
Let m(v) = -255*v + 129. Let s(y) = 1 + 0*y - 5 + 16*y - 4. Let a(z) = -2*m(z) - 33*s(z). What are the prime factors of a(-4)?
2, 3, 13
Suppose -18 = -6*n + 8*n. Let d(c) = -c**3 - 7*c**2 + 11*c - 18. Let l be d(n). List the prime factors of (l/(-10))/((-3)/42).
3, 7
Suppose -38*q + 132*q - 541720 = 54*q. List the prime factors of q.
29, 467
Suppose 4*f = -5*q - 1525, 26*f = q + 27*f + 305. Let h = q - -457. What are the prime factors of h?
2, 19
Let b(x) = 3*x**2 - 12*x + 16. Let h be b(-33). Suppose 10*j = 5*j - 10, -5*k - 3*j + h = 0. What are the prime factors of k?
11, 67
Suppose -3205 = 5*p + 4*f - 10269, -f = -4*p + 5647. Suppose 4*x + 5*l = p, x + 4*l = 3*l + 353. What are the prime factors of x?
353
Suppose -4*j = 91*d - 85*d - 40916, 4*j = d + 40902. What are the prime factors of j?
2, 5113
Let z = 10024 - -13961. List the prime factors of z.
3, 5, 13, 41
Suppose 5*o - 20 = -a, -38 = -2*a - 5*o - 13. Suppose -a*k + 21 = 6. Suppose 7*s = 3*s + q + 78, 13 = s + k*q. What are the prime factors of s?
19
Suppose -2*h = 2*h - 2*z + 3590, 2720 = -3*h - 4*z. Let m = 317 - h. Suppose -5*b + 1211 = -u + 3*u, 5*b - m = -4*u. What are the prime factors of b?
241
Suppose 11*h = 205 - 183. Suppose 1696 = 3*n + h*z, -5*n = -z - 4202 + 1371. What are the prime factors of n?
2, 283
Let k be ((19 - 4) + -5)*(-4803)/(-6). What are the prime factors of (-5 + k/(-15))/(6/(-9))?
2, 101
Let s be (18/4 + -4)*(12 - 14). List the prime factors of ((-1)/s)/(-1 - (-2832)/2824).
353
Let y(q) be the first derivative of q**4/4 + 13*q**3/3 - 8*q**2 - 3*q + 26. Let h be y(-12). Let n = -178 + h. What are the prime factors of n?
5, 31
Let n(w) = -4 + 9 - 3 + 86*w**2 - w + 386*w**2. What are the prime factors of n(1)?
11, 43
Suppose 3*s = 4*x - 23, -8*x + 7*x + 22 = -4*s. Suppose 2*j + 3*j - 1165 = l, 5